{"id":28,"date":"2013-12-16T16:15:27","date_gmt":"2013-12-16T16:15:27","guid":{"rendered":"http:\/\/localhost\/lemmikkikulma_wamp\/?page_id=28"},"modified":"2024-09-02T13:31:58","modified_gmt":"2024-09-02T13:31:58","slug":"koirahieroja-2","status":"publish","type":"page","link":"http:\/\/www.lemmikkikulma.fi\/?page_id=28","title":{"rendered":"Koirahieroja"},"content":{"rendered":"<p><a href=\"http:\/\/www.lemmikkikulma.fi\/wp-content\/uploads\/2023\/09\/Janni.jpg\"><img decoding=\"async\" loading=\"lazy\" class=\"alignnone  wp-image-441\" src=\"http:\/\/www.lemmikkikulma.fi\/wp-content\/uploads\/2023\/09\/Janni.jpg\" alt=\"\" width=\"449\" height=\"320\" srcset=\"http:\/\/www.lemmikkikulma.fi\/wp-content\/uploads\/2023\/09\/Janni.jpg 1920w, http:\/\/www.lemmikkikulma.fi\/wp-content\/uploads\/2023\/09\/Janni-300x214.jpg 300w, http:\/\/www.lemmikkikulma.fi\/wp-content\/uploads\/2023\/09\/Janni-1024x731.jpg 1024w, http:\/\/www.lemmikkikulma.fi\/wp-content\/uploads\/2023\/09\/Janni-768x548.jpg 768w, http:\/\/www.lemmikkikulma.fi\/wp-content\/uploads\/2023\/09\/Janni-1536x1096.jpg 1536w\" sizes=\"(max-width: 449px) 100vw, 449px\" \/><\/a><\/p>\n<p>Olen Janni Erkola.<\/p>\n<p>El\u00e4inten parissa ty\u00f6skentely on ollut haaveenani nuoresta asti. Hieronta- ja fysioterapiapalvelut ovat omien koirieni kanssa tulleet tutuiksi ja mielest\u00e4ni olleet tarpeellisia ja hy\u00f6dyllisi\u00e4.<\/p>\n<p>Koirieni kanssa treenataan ja kisataan agilityssa, tokossa ja rallytokossa. Muitakin lajeja olemme k\u00e4yneet kokeilemassa mm. paimennus, j\u00e4lki, haku, raunio, dogfrisbee, canicross ja hoopers.<\/p>\n<p>Olen ollut t\u00f6iss\u00e4 koirakeskuksen hoitolassa ja kouluttauduin siell\u00e4 samalla koulutusryhmien vet\u00e4j\u00e4ksi.<\/p>\n<p>Ratsastin 13 vuotta s\u00e4\u00e4nn\u00f6llisesti ja olen valmistunut hevostenhoitajaksi ja harrasteohjaajaksi.<\/p>\n<p>Vuonna 2020 valmistuin el\u00e4intenhoitajaksi ja jatkoin opiskelua klinikkael\u00e4inhoitajaksi. Hoitajaksi valmistuttuani aloitin koirahierojaopinnot.<\/p>\n<p>T\u00e4ll\u00e4 hetkell\u00e4 ty\u00f6skentelen koirahierojana ja klinikkael\u00e4inhoitajana. Lemmikkikulmassa teen koirahierontaa sek\u00e4 urheilukoirahierontaa.<\/p>\n<p>Koirahieronnasta on apua niin kotikoirille kuin aktiivisille harrastus- ja kisakoirille.<\/p>\n<p>Ajanvaraus https:\/\/varaa.timma.fi\/koirahierontakunto tai Lemmikkikulman numerosta 050 3645448<\/p>\n<p>Hieronnan hinta:<\/p>\n<p>55\u20ac tunti<\/p>\n<p>Maksutavat kortti tai k\u00e4teinen.<\/p>\n<p>Ohjeita hierontaan:<\/p>\n<p>Huolehdi, ett\u00e4 koira on k\u00e4ynyt tarpeillaan ennen hierontaa.<\/p>\n<p>Koiraa ei kannata ruokkia juuri ennen hierontaan tuloa.<\/p>\n<p>Peruutukset kh.kunto@gmail.com tai Lemmikkikulman numeroon 050-3645448<\/p>\n<p>Ajan peruuttaminen 12 tuntia ennen hoitoaikaa. Peruuttamatta j\u00e4tetyst\u00e4 ajasta perit\u00e4\u00e4n puolet hoitokerran hinnasta.<\/p>\n<p>Ota yhteytt\u00e4, jos sinulla on kysytt\u00e4v\u00e4\u00e4 hierontaan tuloon liittyen voit laittaa kysymykset s-postiin kh.kunto@gmail.com<\/p>\n<p>Tervetuloa!<\/p>\n","protected":false},"excerpt":{"rendered":"<p>Olen Janni Erkola. El\u00e4inten parissa ty\u00f6skentely on ollut haaveenani nuoresta asti. Hieronta- ja fysioterapiapalvelut ovat omien koirieni kanssa tulleet tutuiksi ja mielest\u00e4ni olleet tarpeellisia ja hy\u00f6dyllisi\u00e4. Koirieni kanssa treenataan ja kisataan agilityssa, tokossa ja rallytokossa. Muitakin lajeja olemme k\u00e4yneet kokeilemassa<span class=\"ellipsis\">&hellip;<\/span><\/p>\n<div class=\"read-more\"><a href=\"http:\/\/www.lemmikkikulma.fi\/?page_id=28\">Read more &#8250;<\/a><\/div>\n<p><!-- end of .read-more --><\/p>\n","protected":false},"author":1,"featured_media":0,"parent":6,"menu_order":5,"comment_status":"open","ping_status":"open","template":"content-sidebar-page.php","meta":[],"_links":{"self":[{"href":"http:\/\/www.lemmikkikulma.fi\/index.php?rest_route=\/wp\/v2\/pages\/28"}],"collection":[{"href":"http:\/\/www.lemmikkikulma.fi\/index.php?rest_route=\/wp\/v2\/pages"}],"about":[{"href":"http:\/\/www.lemmikkikulma.fi\/index.php?rest_route=\/wp\/v2\/types\/page"}],"author":[{"embeddable":true,"href":"http:\/\/www.lemmikkikulma.fi\/index.php?rest_route=\/wp\/v2\/users\/1"}],"replies":[{"embeddable":true,"href":"http:\/\/www.lemmikkikulma.fi\/index.php?rest_route=%2Fwp%2Fv2%2Fcomments&post=28"}],"version-history":[{"count":10,"href":"http:\/\/www.lemmikkikulma.fi\/index.php?rest_route=\/wp\/v2\/pages\/28\/revisions"}],"predecessor-version":[{"id":481,"href":"http:\/\/www.lemmikkikulma.fi\/index.php?rest_route=\/wp\/v2\/pages\/28\/revisions\/481"}],"up":[{"embeddable":true,"href":"http:\/\/www.lemmikkikulma.fi\/index.php?rest_route=\/wp\/v2\/pages\/6"}],"wp:attachment":[{"href":"http:\/\/www.lemmikkikulma.fi\/index.php?rest_route=%2Fwp%2Fv2%2Fmedia&parent=28"}],"curies":[{"name":"wp","href":"https:\/\/api.w.org\/{rel}","templated":true}]}}