{"id":22,"date":"2013-12-16T05:27:02","date_gmt":"2013-12-16T05:27:02","guid":{"rendered":"http:\/\/localhost\/lemmikkikulma_wamp\/?page_id=22"},"modified":"2024-12-21T14:00:45","modified_gmt":"2024-12-21T14:00:45","slug":"yhteystiedot","status":"publish","type":"page","link":"http:\/\/www.lemmikkikulma.fi\/?page_id=22","title":{"rendered":"Yhteystiedot"},"content":{"rendered":"<div>\n<div id=\"text-6\">\n<h3>S\u00c4HK\u00d6POSTI<\/h3>\n<div>munkkiniemi@lemmikkikulma.fi<\/div>\n<div><\/div>\n<\/div>\n<\/div>\n<div>\n<div id=\"text-3\">\n<h3>AVOINNA<\/h3>\n<p>Lemmikkikulma on suljettu pysyv\u00e4sti<\/p>\n<div><\/div>\n<div><\/div>\n<\/div>\n<\/div>\n","protected":false},"excerpt":{"rendered":"<p>S\u00c4HK\u00d6POSTI munkkiniemi@lemmikkikulma.fi AVOINNA Lemmikkikulma on suljettu pysyv\u00e4sti<\/p>\n","protected":false},"author":1,"featured_media":0,"parent":0,"menu_order":5,"comment_status":"open","ping_status":"open","template":"","meta":[],"_links":{"self":[{"href":"http:\/\/www.lemmikkikulma.fi\/index.php?rest_route=\/wp\/v2\/pages\/22"}],"collection":[{"href":"http:\/\/www.lemmikkikulma.fi\/index.php?rest_route=\/wp\/v2\/pages"}],"about":[{"href":"http:\/\/www.lemmikkikulma.fi\/index.php?rest_route=\/wp\/v2\/types\/page"}],"author":[{"embeddable":true,"href":"http:\/\/www.lemmikkikulma.fi\/index.php?rest_route=\/wp\/v2\/users\/1"}],"replies":[{"embeddable":true,"href":"http:\/\/www.lemmikkikulma.fi\/index.php?rest_route=%2Fwp%2Fv2%2Fcomments&post=22"}],"version-history":[{"count":106,"href":"http:\/\/www.lemmikkikulma.fi\/index.php?rest_route=\/wp\/v2\/pages\/22\/revisions"}],"predecessor-version":[{"id":501,"href":"http:\/\/www.lemmikkikulma.fi\/index.php?rest_route=\/wp\/v2\/pages\/22\/revisions\/501"}],"wp:attachment":[{"href":"http:\/\/www.lemmikkikulma.fi\/index.php?rest_route=%2Fwp%2Fv2%2Fmedia&parent=22"}],"curies":[{"name":"wp","href":"https:\/\/api.w.org\/{rel}","templated":true}]}}